{"id":2636,"date":"2021-03-18T00:42:21","date_gmt":"2021-03-18T00:42:21","guid":{"rendered":"http:\/\/arqcodigital.com\/ppc\/?page_id=2636"},"modified":"2023-10-20T19:58:26","modified_gmt":"2023-10-20T19:58:26","slug":"apoyo-espiritual-y-tanatologico","status":"publish","type":"page","link":"http:\/\/arqcodigital.com\/ppc\/apoyo-espiritual-y-tanatologico\/","title":{"rendered":"Apoyo espiritual y tanatol\u00f3gico"},"content":{"rendered":"\t\t<div data-elementor-type=\"wp-page\" data-elementor-id=\"2636\" class=\"elementor elementor-2636\" data-elementor-post-type=\"page\">\n\t\t\t\t\t\t<section class=\"elementor-section elementor-top-section elementor-element elementor-element-9200be1 elementor-section-boxed elementor-section-height-default elementor-section-height-default\" data-id=\"9200be1\" data-element_type=\"section\" data-e-type=\"section\">\n\t\t\t\t\t\t<div class=\"elementor-container elementor-column-gap-default\">\n\t\t\t\t\t<div class=\"elementor-column elementor-col-50 elementor-top-column elementor-element elementor-element-0d5e8dd\" data-id=\"0d5e8dd\" data-element_type=\"column\" data-e-type=\"column\">\n\t\t\t<div class=\"elementor-widget-wrap elementor-element-populated\">\n\t\t\t\t\t\t<div class=\"elementor-element elementor-element-58a407f elementor-widget elementor-widget-image\" data-id=\"58a407f\" data-element_type=\"widget\" data-e-type=\"widget\" data-widget_type=\"image.default\">\n\t\t\t\t<div class=\"elementor-widget-container\">\n\t\t\t\t\t\t\t\t\t\t\t\t\t\t\t<img fetchpriority=\"high\" decoding=\"async\" width=\"800\" height=\"500\" src=\"http:\/\/arqcodigital.com\/ppc\/wp-content\/uploads\/2023\/08\/parroquiapersonalcastrense-restauran-y-bendicen-cristo-de-la-paz-de-la-capellania-militar.jpg\" class=\"attachment-large size-large wp-image-5401\" alt=\"\" srcset=\"http:\/\/arqcodigital.com\/ppc\/wp-content\/uploads\/2023\/08\/parroquiapersonalcastrense-restauran-y-bendicen-cristo-de-la-paz-de-la-capellania-militar.jpg 800w, http:\/\/arqcodigital.com\/ppc\/wp-content\/uploads\/2023\/08\/parroquiapersonalcastrense-restauran-y-bendicen-cristo-de-la-paz-de-la-capellania-militar-300x188.jpg 300w, http:\/\/arqcodigital.com\/ppc\/wp-content\/uploads\/2023\/08\/parroquiapersonalcastrense-restauran-y-bendicen-cristo-de-la-paz-de-la-capellania-militar-768x480.jpg 768w\" sizes=\"(max-width: 800px) 100vw, 800px\" \/>\t\t\t\t\t\t\t\t\t\t\t\t\t\t\t<\/div>\n\t\t\t\t<\/div>\n\t\t\t\t\t<\/div>\n\t\t<\/div>\n\t\t\t\t<div class=\"elementor-column elementor-col-50 elementor-top-column elementor-element elementor-element-4692958\" data-id=\"4692958\" data-element_type=\"column\" data-e-type=\"column\">\n\t\t\t<div class=\"elementor-widget-wrap elementor-element-populated\">\n\t\t\t\t\t\t<div class=\"elementor-element elementor-element-2de392a elementor-widget elementor-widget-text-editor\" data-id=\"2de392a\" data-element_type=\"widget\" data-e-type=\"widget\" data-widget_type=\"text-editor.default\">\n\t\t\t\t<div class=\"elementor-widget-container\">\n\t\t\t\t\t\t\t\t\tApoyo Espiritual\t\t\t\t\t\t\t\t<\/div>\n\t\t\t\t<\/div>\n\t\t\t\t<div class=\"elementor-element elementor-element-235b46e elementor-widget elementor-widget-text-editor\" data-id=\"235b46e\" data-element_type=\"widget\" data-e-type=\"widget\" data-widget_type=\"text-editor.default\">\n\t\t\t\t<div class=\"elementor-widget-container\">\n\t\t\t\t\t\t\t\t\t<p>Es importante sensibilizar a la Comunidad Castrense sobre la necesidad de formarse s\u00f3lidamente en las \u00e1reas humana y espiritual, as\u00ed como atender constantemente su propia vida, para poder acoger las dificultades personales y de los ambientes de las personas a ellos confiadas.<\/p><p>A lo largo de la actividad pastoral, hemos comprendido la necesidad de ofrecer, de manera constante, informaci\u00f3n, formaci\u00f3n y atenci\u00f3n de orden espiritual, psicol\u00f3gica y tanatol\u00f3gica para la Familia Militar.<\/p><p>\u00bfNecesitas apoyo en estos \u00f3rdenes? Cont\u00e1ctanos.<\/p><p>Tel\u00e9fono: 55 7581-3004<\/p><p>Correo: <a href=\"mailto:info@parroquiapersonalcastrense.org\">info@parroquiapersonalcastrense.org<\/a><\/p>\t\t\t\t\t\t\t\t<\/div>\n\t\t\t\t<\/div>\n\t\t\t\t\t<\/div>\n\t\t<\/div>\n\t\t\t\t\t<\/div>\n\t\t<\/section>\n\t\t\t\t<\/div>\n\t\t","protected":false},"excerpt":{"rendered":"<p>Apoyo Espiritual Es importante sensibilizar a la Comunidad Castrense sobre la necesidad de formarse s\u00f3lidamente en las \u00e1reas humana y espiritual, as\u00ed como atender constantemente su propia vida, para poder acoger las dificultades personales y de los ambientes de las personas a ellos confiadas. A lo largo de la actividad pastoral, hemos comprendido la necesidad [&hellip;]<\/p>\n","protected":false},"author":1,"featured_media":0,"parent":0,"menu_order":0,"comment_status":"closed","ping_status":"closed","template":"","meta":{"footnotes":""},"class_list":["post-2636","page","type-page","status-publish","hentry"],"yoast_head":"<!-- This site is optimized with the Yoast SEO plugin v25.6 - https:\/\/yoast.com\/wordpress\/plugins\/seo\/ -->\n<title>Apoyo espiritual y tanatol\u00f3gico - Parroquia Personal Castrense<\/title>\n<meta name=\"robots\" content=\"index, follow, max-snippet:-1, max-image-preview:large, max-video-preview:-1\" \/>\n<link rel=\"canonical\" href=\"http:\/\/arqcodigital.com\/ppc\/apoyo-espiritual-y-tanatologico\/\" \/>\n<meta property=\"og:locale\" content=\"es_MX\" \/>\n<meta property=\"og:type\" content=\"article\" \/>\n<meta property=\"og:title\" content=\"Apoyo espiritual y tanatol\u00f3gico - Parroquia Personal Castrense\" \/>\n<meta property=\"og:description\" content=\"Apoyo Espiritual Es importante sensibilizar a la Comunidad Castrense sobre la necesidad de formarse s\u00f3lidamente en las \u00e1reas humana y espiritual, as\u00ed como atender constantemente su propia vida, para poder acoger las dificultades personales y de los ambientes de las personas a ellos confiadas. A lo largo de la actividad pastoral, hemos comprendido la necesidad [&hellip;]\" \/>\n<meta property=\"og:url\" content=\"http:\/\/arqcodigital.com\/ppc\/apoyo-espiritual-y-tanatologico\/\" \/>\n<meta property=\"og:site_name\" content=\"Parroquia Personal Castrense\" \/>\n<meta property=\"article:publisher\" content=\"https:\/\/www.facebook.com\/CapellaniaMilitarCDMX\" \/>\n<meta property=\"article:modified_time\" content=\"2023-10-20T19:58:26+00:00\" \/>\n<meta property=\"og:image\" content=\"http:\/\/arqcodigital.com\/ppc\/wp-content\/uploads\/2023\/08\/parroquiapersonalcastrense-restauran-y-bendicen-cristo-de-la-paz-de-la-capellania-militar.jpg\" \/>\n<meta name=\"twitter:card\" content=\"summary_large_image\" \/>\n<meta name=\"twitter:site\" content=\"@MxMilitar\" \/>\n<meta name=\"twitter:label1\" content=\"Tiempo de lectura\" \/>\n\t<meta name=\"twitter:data1\" content=\"1 minuto\" \/>\n<script type=\"application\/ld+json\" class=\"yoast-schema-graph\">{\"@context\":\"https:\/\/schema.org\",\"@graph\":[{\"@type\":\"WebPage\",\"@id\":\"http:\/\/arqcodigital.com\/ppc\/apoyo-espiritual-y-tanatologico\/\",\"url\":\"http:\/\/arqcodigital.com\/ppc\/apoyo-espiritual-y-tanatologico\/\",\"name\":\"Apoyo espiritual y tanatol\u00f3gico - Parroquia Personal Castrense\",\"isPartOf\":{\"@id\":\"http:\/\/arqcodigital.com\/ppc\/#website\"},\"primaryImageOfPage\":{\"@id\":\"http:\/\/arqcodigital.com\/ppc\/apoyo-espiritual-y-tanatologico\/#primaryimage\"},\"image\":{\"@id\":\"http:\/\/arqcodigital.com\/ppc\/apoyo-espiritual-y-tanatologico\/#primaryimage\"},\"thumbnailUrl\":\"http:\/\/arqcodigital.com\/ppc\/wp-content\/uploads\/2023\/08\/parroquiapersonalcastrense-restauran-y-bendicen-cristo-de-la-paz-de-la-capellania-militar.jpg\",\"datePublished\":\"2021-03-18T00:42:21+00:00\",\"dateModified\":\"2023-10-20T19:58:26+00:00\",\"breadcrumb\":{\"@id\":\"http:\/\/arqcodigital.com\/ppc\/apoyo-espiritual-y-tanatologico\/#breadcrumb\"},\"inLanguage\":\"es\",\"potentialAction\":[{\"@type\":\"ReadAction\",\"target\":[\"http:\/\/arqcodigital.com\/ppc\/apoyo-espiritual-y-tanatologico\/\"]}]},{\"@type\":\"ImageObject\",\"inLanguage\":\"es\",\"@id\":\"http:\/\/arqcodigital.com\/ppc\/apoyo-espiritual-y-tanatologico\/#primaryimage\",\"url\":\"http:\/\/arqcodigital.com\/ppc\/wp-content\/uploads\/2023\/08\/parroquiapersonalcastrense-restauran-y-bendicen-cristo-de-la-paz-de-la-capellania-militar.jpg\",\"contentUrl\":\"http:\/\/arqcodigital.com\/ppc\/wp-content\/uploads\/2023\/08\/parroquiapersonalcastrense-restauran-y-bendicen-cristo-de-la-paz-de-la-capellania-militar.jpg\",\"width\":800,\"height\":500},{\"@type\":\"BreadcrumbList\",\"@id\":\"http:\/\/arqcodigital.com\/ppc\/apoyo-espiritual-y-tanatologico\/#breadcrumb\",\"itemListElement\":[{\"@type\":\"ListItem\",\"position\":1,\"name\":\"Inicio\",\"item\":\"http:\/\/arqcodigital.com\/ppc\/\"},{\"@type\":\"ListItem\",\"position\":2,\"name\":\"Apoyo espiritual y tanatol\u00f3gico\"}]},{\"@type\":\"WebSite\",\"@id\":\"http:\/\/arqcodigital.com\/ppc\/#website\",\"url\":\"http:\/\/arqcodigital.com\/ppc\/\",\"name\":\"Parroquia Personal Castrense\",\"description\":\"Cristo de la Paz\",\"publisher\":{\"@id\":\"http:\/\/arqcodigital.com\/ppc\/#organization\"},\"potentialAction\":[{\"@type\":\"SearchAction\",\"target\":{\"@type\":\"EntryPoint\",\"urlTemplate\":\"http:\/\/arqcodigital.com\/ppc\/?s={search_term_string}\"},\"query-input\":{\"@type\":\"PropertyValueSpecification\",\"valueRequired\":true,\"valueName\":\"search_term_string\"}}],\"inLanguage\":\"es\"},{\"@type\":\"Organization\",\"@id\":\"http:\/\/arqcodigital.com\/ppc\/#organization\",\"name\":\"Parroquia Personal Castrense\",\"url\":\"http:\/\/arqcodigital.com\/ppc\/\",\"logo\":{\"@type\":\"ImageObject\",\"inLanguage\":\"es\",\"@id\":\"http:\/\/arqcodigital.com\/ppc\/#\/schema\/logo\/image\/\",\"url\":\"http:\/\/arqcodigital.com\/ppc\/wp-content\/uploads\/2023\/02\/logo-ppc.jpg\",\"contentUrl\":\"http:\/\/arqcodigital.com\/ppc\/wp-content\/uploads\/2023\/02\/logo-ppc.jpg\",\"width\":993,\"height\":340,\"caption\":\"Parroquia Personal Castrense\"},\"image\":{\"@id\":\"http:\/\/arqcodigital.com\/ppc\/#\/schema\/logo\/image\/\"},\"sameAs\":[\"https:\/\/www.facebook.com\/CapellaniaMilitarCDMX\",\"https:\/\/x.com\/MxMilitar\",\"https:\/\/www.instagram.com\/capellaniamilitar\/\",\"https:\/\/www.youtube.com\/channel\/UCx6MFG76NU6wZ9KCMfb3-5A\"]}]}<\/script>\n<!-- \/ Yoast SEO plugin. -->","yoast_head_json":{"title":"Apoyo espiritual y tanatol\u00f3gico - Parroquia Personal Castrense","robots":{"index":"index","follow":"follow","max-snippet":"max-snippet:-1","max-image-preview":"max-image-preview:large","max-video-preview":"max-video-preview:-1"},"canonical":"http:\/\/arqcodigital.com\/ppc\/apoyo-espiritual-y-tanatologico\/","og_locale":"es_MX","og_type":"article","og_title":"Apoyo espiritual y tanatol\u00f3gico - Parroquia Personal Castrense","og_description":"Apoyo Espiritual Es importante sensibilizar a la Comunidad Castrense sobre la necesidad de formarse s\u00f3lidamente en las \u00e1reas humana y espiritual, as\u00ed como atender constantemente su propia vida, para poder acoger las dificultades personales y de los ambientes de las personas a ellos confiadas. A lo largo de la actividad pastoral, hemos comprendido la necesidad [&hellip;]","og_url":"http:\/\/arqcodigital.com\/ppc\/apoyo-espiritual-y-tanatologico\/","og_site_name":"Parroquia Personal Castrense","article_publisher":"https:\/\/www.facebook.com\/CapellaniaMilitarCDMX","article_modified_time":"2023-10-20T19:58:26+00:00","og_image":[{"url":"http:\/\/arqcodigital.com\/ppc\/wp-content\/uploads\/2023\/08\/parroquiapersonalcastrense-restauran-y-bendicen-cristo-de-la-paz-de-la-capellania-militar.jpg","type":"","width":"","height":""}],"twitter_card":"summary_large_image","twitter_site":"@MxMilitar","twitter_misc":{"Tiempo de lectura":"1 minuto"},"schema":{"@context":"https:\/\/schema.org","@graph":[{"@type":"WebPage","@id":"http:\/\/arqcodigital.com\/ppc\/apoyo-espiritual-y-tanatologico\/","url":"http:\/\/arqcodigital.com\/ppc\/apoyo-espiritual-y-tanatologico\/","name":"Apoyo espiritual y tanatol\u00f3gico - Parroquia Personal Castrense","isPartOf":{"@id":"http:\/\/arqcodigital.com\/ppc\/#website"},"primaryImageOfPage":{"@id":"http:\/\/arqcodigital.com\/ppc\/apoyo-espiritual-y-tanatologico\/#primaryimage"},"image":{"@id":"http:\/\/arqcodigital.com\/ppc\/apoyo-espiritual-y-tanatologico\/#primaryimage"},"thumbnailUrl":"http:\/\/arqcodigital.com\/ppc\/wp-content\/uploads\/2023\/08\/parroquiapersonalcastrense-restauran-y-bendicen-cristo-de-la-paz-de-la-capellania-militar.jpg","datePublished":"2021-03-18T00:42:21+00:00","dateModified":"2023-10-20T19:58:26+00:00","breadcrumb":{"@id":"http:\/\/arqcodigital.com\/ppc\/apoyo-espiritual-y-tanatologico\/#breadcrumb"},"inLanguage":"es","potentialAction":[{"@type":"ReadAction","target":["http:\/\/arqcodigital.com\/ppc\/apoyo-espiritual-y-tanatologico\/"]}]},{"@type":"ImageObject","inLanguage":"es","@id":"http:\/\/arqcodigital.com\/ppc\/apoyo-espiritual-y-tanatologico\/#primaryimage","url":"http:\/\/arqcodigital.com\/ppc\/wp-content\/uploads\/2023\/08\/parroquiapersonalcastrense-restauran-y-bendicen-cristo-de-la-paz-de-la-capellania-militar.jpg","contentUrl":"http:\/\/arqcodigital.com\/ppc\/wp-content\/uploads\/2023\/08\/parroquiapersonalcastrense-restauran-y-bendicen-cristo-de-la-paz-de-la-capellania-militar.jpg","width":800,"height":500},{"@type":"BreadcrumbList","@id":"http:\/\/arqcodigital.com\/ppc\/apoyo-espiritual-y-tanatologico\/#breadcrumb","itemListElement":[{"@type":"ListItem","position":1,"name":"Inicio","item":"http:\/\/arqcodigital.com\/ppc\/"},{"@type":"ListItem","position":2,"name":"Apoyo espiritual y tanatol\u00f3gico"}]},{"@type":"WebSite","@id":"http:\/\/arqcodigital.com\/ppc\/#website","url":"http:\/\/arqcodigital.com\/ppc\/","name":"Parroquia Personal Castrense","description":"Cristo de la Paz","publisher":{"@id":"http:\/\/arqcodigital.com\/ppc\/#organization"},"potentialAction":[{"@type":"SearchAction","target":{"@type":"EntryPoint","urlTemplate":"http:\/\/arqcodigital.com\/ppc\/?s={search_term_string}"},"query-input":{"@type":"PropertyValueSpecification","valueRequired":true,"valueName":"search_term_string"}}],"inLanguage":"es"},{"@type":"Organization","@id":"http:\/\/arqcodigital.com\/ppc\/#organization","name":"Parroquia Personal Castrense","url":"http:\/\/arqcodigital.com\/ppc\/","logo":{"@type":"ImageObject","inLanguage":"es","@id":"http:\/\/arqcodigital.com\/ppc\/#\/schema\/logo\/image\/","url":"http:\/\/arqcodigital.com\/ppc\/wp-content\/uploads\/2023\/02\/logo-ppc.jpg","contentUrl":"http:\/\/arqcodigital.com\/ppc\/wp-content\/uploads\/2023\/02\/logo-ppc.jpg","width":993,"height":340,"caption":"Parroquia Personal Castrense"},"image":{"@id":"http:\/\/arqcodigital.com\/ppc\/#\/schema\/logo\/image\/"},"sameAs":["https:\/\/www.facebook.com\/CapellaniaMilitarCDMX","https:\/\/x.com\/MxMilitar","https:\/\/www.instagram.com\/capellaniamilitar\/","https:\/\/www.youtube.com\/channel\/UCx6MFG76NU6wZ9KCMfb3-5A"]}]}},"_links":{"self":[{"href":"http:\/\/arqcodigital.com\/ppc\/wp-json\/wp\/v2\/pages\/2636"}],"collection":[{"href":"http:\/\/arqcodigital.com\/ppc\/wp-json\/wp\/v2\/pages"}],"about":[{"href":"http:\/\/arqcodigital.com\/ppc\/wp-json\/wp\/v2\/types\/page"}],"author":[{"embeddable":true,"href":"http:\/\/arqcodigital.com\/ppc\/wp-json\/wp\/v2\/users\/1"}],"replies":[{"embeddable":true,"href":"http:\/\/arqcodigital.com\/ppc\/wp-json\/wp\/v2\/comments?post=2636"}],"version-history":[{"count":17,"href":"http:\/\/arqcodigital.com\/ppc\/wp-json\/wp\/v2\/pages\/2636\/revisions"}],"predecessor-version":[{"id":5960,"href":"http:\/\/arqcodigital.com\/ppc\/wp-json\/wp\/v2\/pages\/2636\/revisions\/5960"}],"wp:attachment":[{"href":"http:\/\/arqcodigital.com\/ppc\/wp-json\/wp\/v2\/media?parent=2636"}],"curies":[{"name":"wp","href":"https:\/\/api.w.org\/{rel}","templated":true}]}}